is (-185 - -76) + 1 + -17?
-125
What is (-1 - -1) + 42 + (370 - 220) + -136?
56
What is the value of 66 - (6 + (-30 - (7 - 55)))?
42
Evaluate 129 + -116 + -17 + -9 + -8.
-21
What is (-2 + 1 - -10) + -11 + 2 - 33?
-33
Evaluate (291 - 376) + (110 - 5).
20
What is -85 - 8 - (-21 + -28)?
-44
Calculate -21 + 14 + -9 + (5 - 10).
-21
Evaluate 6 - (-10 + 2 - (1 + -1) - (-1808 + 1811)).
17
What is (61 - 29) + -5 - (-15 - 62)?
104
What is the value of 2 - -43 - 2 - 0 - (9943 - 9929)?
29
What is the value of -49 + (17 + 2 - (48 - (-25 - -69)))?
-34
What is the value of 37 - (38 - -36) - -75?
38
What is 15 - (9 + (9 - 22) + 4)?
15
What is the value of (106 - 120) + (-5 - (7 - -7))?
-33
What is (-8 - -1) + -4 + (8 - (1 - 5) - -30)?
31
37 - (-4 + 21) - ((-2 - -13) + -2)
11
What is 28 - 18 - (-2 - (-65 - -27))?
-26
Calculate (255 - 252) + (-4 + 1 - -2) + -9.
-7
Evaluate -13 + ((12 - (-10 - -12)) + -8 - 9) + 6.
-14
-1 + -2 + -4 - (-98 + (66 - 35)) - -3
63
What is the value of (8 + -26 - (-21 - -12)) + 15?
6
What is the value of 45 + (-8 + 30 - -42) - 3?
106
What is the value of -1 - (75 + (5 - (34 - 3)))?
-50
What is the value of -6 + 1 + (5 - (-82 - -78))?
4
1 + -10 - (-423 - -422) - (4 - (5 - -1))
-6
What is 4440 - 4413 - (8 + -1)?
20
Calculate (-13 - -6 - (-11 - 2) - 5) + -84 + -36.
-119
Calculate -5 - (-15 + -33) - -22 - (23 - 4).
46
1687 + -1516 - (126 - 6)
51
What is (-7 - (7 - 59)) + -136 + 139 + -19?
29
Evaluate -5 + (-6 - (-10 - (-7 - (-9 + -1)))) - -39.
41
Calculate -21 + 4 + (1987 - 1976).
-6
What is -2 + (29 + -38 - (3 - -2 - (30 + 34)))?
48
-20 + -12 + 10 - (-814 + 700)
92
Calculate -304 - -308 - (-121 + 6 + -5).
124
Calculate (111 - (-44 - -203)) + 26.
-22
What is -23 - (-88 - -15) - 43?
7
What is the value of 3 + -2 + 74 - (98 - 135)?
112
What is the value of 4 - (-31 - (4 + (-15 - 5)))?
19
155 + -139 + 15 + 12
43
What is the value of -17317 + 17241 + (24 - 0 - -1)?
-51
2 + -13 + (0 + 1 - (-16 - (-8 - 55)))
-57
Calculate 26 - (-1 + (19 - (7 - (7 - 13)))).
21
What is the value of (44 - (266 + -155)) + 0 + 13?
-54
What is the value of 17 + 18 + 98 + 9 + 4 - 4?
142
Calculate (44 - (65 + -38) - 83) + -19.
-85
Evaluate (-2 + 14 - (0 + 20)) + 7.
-1
What is the value of 36 - 98 - -52 - -12?
2
What is 8 - ((-87 - (-18 - 72)) + (-1 - 6))?
12
(66 - -70) + -74 - 52
10
Evaluate 170 - 85 - (54 + -18).
49
What is -3 + -1 + (28 + -4 - 40) + 10?
-10
What is the value of 0 - -89 - (-41 + 16 + 28 - 17 - -22)?
81
What is (-3 - -1 - (-3 + 3)) + -2228 + 2234 + -8?
-4
Calculate 6 - (44 + 4) - (-4 + -27 + 20).
-31
Evaluate (19 + -22 + 1 - -7) + -20.
-15
Evaluate -47 - ((-12 - 2) + (-36 - -47) - (1 + -3)).
-46
What is the value of -21 + -14 + -9 + -3?
-47
What is the value of 19 - (-3 + 13 - -25) - -60?
44
Evaluate (-8 - -5) + (-11 - (3 + -12) - -1).
-4
What is the value of -398 + 440 + (4 - (-16 + 4)) + 2?
60
Evaluate (-2 - -12) + -138 + 14 + 48.
-66
Evaluate 14 + (4 - (-10 - (-9 + 1))) - -35.
55
Calculate 70 - ((-15 - (-63 - -27)) + 10).
39
What is -104 + 31 + 44 + -27?
-56
What is the value of 39 + -31 + 8 + 0 + (53 - 4)?
65
What is the value of 4 - -77 - (-31 + (87 + -21 - 29))?
75
Calculate (950 - 1044) + (5 - -7).
-82
-133 + (6 - ((14 - (10 - -39)) + 21))
-113
Evaluate -1 - 47 - (-2 + 12 - -6 - 24).
-40
-41 + (-184 + 117 - -161)
53
Evaluate (10 - 4) + (-18 + -14 - -20) + 1 - 32.
-37
Calculate 2 - (0 + 5) - (-142 - -46 - -67).
26
What is (-1 - 12) + 148 + -70?
65
51 + 4 + -21 + -31 + 20
23
What is 124 + -28 + (14 - (24 + -6))?
92
What is (-12 - (2 + 1)) + -167 + 55 + (-4 - 4)?
-135
What is the value of 239 + -353 + (6 - -15)?
-93
Calculate -123 + (-7 - (23 + -16)) - -15.
-122
Evaluate 32 - (19 - (6 + -5)) - -12.
26
Evaluate -9 + 1 + 150 - (72 - 27 - 34).
131
Evaluate 9 + 297 + -302 + (4 - 1).
7
What is the value of -82 - (0 - -16 - (1019 - 983))?
-62
What is the value of -47 - (88 + -36 + 12 + -24)?
-87
(121 - (124 - 162)) + -88
71
What is -1 - (10 + (-11 - (-3 + (6 - -69) - 7)))?
65
-91 + -3 + (-1936 - -2013)
-17
What is -10 - (-13 + 12 + 11) - -4?
-16
What is the value of 36 + (6 - (-13 - -23))?
32
Evaluate (83 - 118 - (-49 - 3)) + (-1 - 11).
5
-30 + (14 + -1 - 15)
-32
Calculate -13 + 13 + (-2 + -6 - 0) + 74 + 6.
72
-5 - 42 - (250 - 296)
-1
-21 - -106 - 89 - (0 - 1)
-3
-36 + (46 - 57) + (-2 - -2 - 8) + 1
-54
What is 30 + -8 + (116 + -54 - 21)?
63
What is the value of 13 - (-10 - ((2 - -7) + (-2 - 8)))?
22
What is -4 + 189 - (262 + -145 + -70)?
138
Evaluate 104 + (-2 - (-1 + -15 - -15) - (-4 + 3)).
104
Evaluate 13 + (8 - (4 - (34 - 157 - (-1 + -8)))).
-97
What is the value of 19 + 8 + ((2 + 10 - 6) + 5 - 13)?
25
Calculate (-26 - -7) + 16 + -7 + (-5 - -11) + -11.
-15
What is 11 + -20 - (1 + 4 - 3)?
-11
What is -25 + (40 - (35 + -42))?
22
What is the value of (-16 + -15 + 19 - -18 - -16) + -5?
17
-2 + -18 + (44 - 32) + 5 - 7
-10
Calculate (6 - -1 - 7) + -14 + 23 + -39 + 4.
-26
What is 63 + -143 + 127 + (9 - (3 + -1))?
54
Evaluate -54 - (77 - (147 - 101)).
-85
What is 18 + 4 + -15 + (24 - 7) + -37 - 81?
-94
What is 174 - (-48 - (-3 + -85))?
134
What is 13 + 6 + (0 + -18 - -1 - (2 + -11))?
11
Calculate (-468 - -422) + (26 - 0) - -66.
46
What is the value of 49 + (9 - 80) + 46?
24
Calculate -27 - 6 - (-59 + 8).
18
What is -5 + (-1 - (0 + -4)) + 32 + -32 - -6?
4
What is -9 - (2 + -6 + 75 + (53 - 52))?
-81
What is 0 + 0 + -11 - (-55 + (-80 - -144) - -42)?
-62
What is the value of 59 + (17 + -98 - -58)?
36
Calculate 1 - -9 - ((-116 - -178) + -59).
7
What is the value of (45 - 2 - 1) + (-11525 - -11516)?
33
Evaluate -4 + -16 + 73 - (28 - (13 + -1)).
37
Calculate (-76 - -82) + (-21 + -2 - -11).
-6
Calculate -56 - 28 - -106 - 40.
-18
(104 - -159) + -295 - (0 + 56)
-88
What is the value of -119 - (-42 + (-21 + -24 - -94))?
-126
(44 - (-9 + 60)) + -92 + (-2 - (4 + -3))
-102
What is the value of 2 - -1 - -1 - (-7704 - -7688)?
20
Calculate -40 - (-60 + -70) - 41.
49
What is 98 + -53 - -17 - 116?
-54
Evaluate 12 - (-1 - (0 + 0)) - (58645 - 58614).
-18
Calculate 40 + -4 + -29 + 6 + 7.
20
What is the value of (2 - 3) + (-3 - (-3 + -16)) - (-22065 - -22017)?
63
-17 + (11 - (16 + 88))
-110
What is the value of 14 - ((-35 + 17 - 0) + 10)?
22
Evaluate -101 + ((-24 - 15 - -47) + (8 - 1) - 10).
-96
What is the value of -107 - (-14 - 110) - 13?
4
What is 1 + -61 + (-2 - -21) + (-38 - -19) + 5?
-55
What is the value of -7 + (80 - 71 - (0 - -1)) + 5 + -1?
5
21 + 1 + (-43 + (-29 - -56) - -27)
33
-1 + -7 + (-3 - -33) + -8 + 18 + -17
15
What is the value of 8 + -10 + 24 + 0 - 26?
-4
(32 - 0) + -68 + 45 + 11
20
What is -81 + 29 + 79 + -58?
-31
What is (-13 - -14) + 0 + 6 + -59 + 59 - -69?
76
90 + -23 + (-22 - (-80 + 16))
109
-109 + 27 - (-11 - (15 - 3)) - (2 + 1)
-62
Calculate 0 - (-11 + (14 - 16 - -8)).
5
What is the value of 20 - (-172 + 126 + 10 + 1)?
55
What is 28 - (40 - 46) - 4?
30
-67 + 22 + (-2 - -27)
-20
Evaluate (4 + (8 - 7) - -50) + -4 + -6 + -7.
38
What is the value of 18 + 23 + -21 + -25?
-5
What is the value of -12 - -2 - ((0 - 3) + -78 + 12) - 8?
51
(39 - (-95 - -83)) + -141
-90
48 + (32 - 80) - -22
22
Evaluate -3 - ((-213 - -226) + (-1 - 0 - 37)).
22
What is the value of (-394 + 404 - (3 - -39)) + (1 - 7)?
-38
(9 - (85 + 14 + -4)) + 12 + 4
-70
Calculate (66 - -25) + -17 + -7 - 12.
55
What is the value of -38 + -116 + 110 + -3?
-47
Calculate 25 - (-123 + 156 + -40).
32
-5 - (0 - 1 - ((-39 - -93) + -1 + -12))
37
What is -4 + (8 - 6) + 4 + (16 - -23)?
41
What is (5118 - 5097) + (-1 - 66)?
-46
Calculate -20 - (24 - (25 + 8)) - -1.
-10
What is -22 + -39 + 109 + 9?
57
Evaluate 3564 + -3567 - (-80 - 1).
78
What is the value of 5 - 4 - (-1 + 14 - (59 + -26 - 25))?
-4
What is the value of (14 - 156 - -34) + 4 - -36?
-68
Evaluate (-72 + 32 - -27) + 38.
25
Calculate -78 - (29 - 162 - -14).
41
Evaluate -51 - (-97 + (54 - 61)).
53
What is the value of -1 - 0 - -10 - (321 + -380 - (0 + -25))?
43
Calculate 10 + (-66 + 71 - 69).
-54
(-150 + 256 - (6 + -7 + -5 - -6)) + 11
117
What is the value of -42 - 56 - -139 - 126?
-85
Calculate 17704 + -17728 + (1 + 0 - -73).
50
What is (-127 - -122) + (-3 + 6 - (-32 + (-9 - -4)))?
35
What is (130 + 1 - (-85 - (72 + -172))) + -3?
113
Calculate -7 - (111 - 5 - (138 + -107)).
-82
What is the value of 11 + -15 - 1 - 6 - -5 - 26?
-32
Evaluate (-684 - -66